{"version":"1.0","provider_name":"Journal de B\u00e2le et Gen\u00e8ve","provider_url":"https:\/\/bale.ch\/journal","author_name":"La R\u00e9daction","author_url":"https:\/\/bale.ch\/journal\/author\/laredaction\/","title":"Art Basel 2026: pourquoi B\u00e2le s\u2019appr\u00eate \u00e0 vivre une semaine hors norme - Journal de B\u00e2le et Gen\u00e8ve","type":"rich","width":600,"height":338,"html":"<blockquote class=\"wp-embedded-content\" data-secret=\"wapuAFuDsr\"><a href=\"https:\/\/bale.ch\/journal\/art-basel-2026-hors-norme\/\">Art Basel 2026: pourquoi B\u00e2le s\u2019appr\u00eate \u00e0 vivre une semaine hors norme<\/a><\/blockquote><iframe sandbox=\"allow-scripts\" security=\"restricted\" src=\"https:\/\/bale.ch\/journal\/art-basel-2026-hors-norme\/embed\/#?secret=wapuAFuDsr\" width=\"600\" height=\"338\" title=\"\u00ab\u00a0Art Basel 2026: pourquoi B\u00e2le s\u2019appr\u00eate \u00e0 vivre une semaine hors norme\u00a0\u00bb &#8212; Journal de B\u00e2le et Gen\u00e8ve\" data-secret=\"wapuAFuDsr\" frameborder=\"0\" marginwidth=\"0\" marginheight=\"0\" scrolling=\"no\" class=\"wp-embedded-content\"><\/iframe><script>\n\/*! This file is auto-generated *\/\n!function(d,l){\"use strict\";l.querySelector&&d.addEventListener&&\"undefined\"!=typeof URL&&(d.wp=d.wp||{},d.wp.receiveEmbedMessage||(d.wp.receiveEmbedMessage=function(e){var t=e.data;if((t||t.secret||t.message||t.value)&&!\/[^a-zA-Z0-9]\/.test(t.secret)){for(var s,r,n,a=l.querySelectorAll('iframe[data-secret=\"'+t.secret+'\"]'),o=l.querySelectorAll('blockquote[data-secret=\"'+t.secret+'\"]'),c=new RegExp(\"^https?:$\",\"i\"),i=0;i<o.length;i++)o[i].style.display=\"none\";for(i=0;i<a.length;i++)s=a[i],e.source===s.contentWindow&&(s.removeAttribute(\"style\"),\"height\"===t.message?(1e3<(r=parseInt(t.value,10))?r=1e3:~~r<200&&(r=200),s.height=r):\"link\"===t.message&&(r=new URL(s.getAttribute(\"src\")),n=new URL(t.value),c.test(n.protocol))&&n.host===r.host&&l.activeElement===s&&(d.top.location.href=t.value))}},d.addEventListener(\"message\",d.wp.receiveEmbedMessage,!1),l.addEventListener(\"DOMContentLoaded\",function(){for(var e,t,s=l.querySelectorAll(\"iframe.wp-embedded-content\"),r=0;r<s.length;r++)(t=(e=s[r]).getAttribute(\"data-secret\"))||(t=Math.random().toString(36).substring(2,12),e.src+=\"#?secret=\"+t,e.setAttribute(\"data-secret\",t)),e.contentWindow.postMessage({message:\"ready\",secret:t},\"*\")},!1)))}(window,document);\n\/\/# sourceURL=https:\/\/bale.ch\/journal\/wp-includes\/js\/wp-embed.min.js\n<\/script>\n","thumbnail_url":"https:\/\/bale.ch\/journal\/wp-content\/uploads\/2026\/06\/artbasel_courtesy.jpg","thumbnail_width":1440,"thumbnail_height":960,"description":"Pendant quelques jours, la ville rh\u00e9nane devient le centre du monde de l\u2019art contemporain. Du 18 au 21 juin 2026, Art Basel 2026 r\u00e9unira collectionneurs, galeristes, artistes, conservateurs de mus\u00e9es Continuer la lecture"}

Journal de Bâle et Genève

La Rédaction

Art Basel 2026: pourquoi Bâle s’apprête à vivre une semaine hors norme - Journal de Bâle et Genève

<blockquote class="wp-embedded-content" data-secret="wapuAFuDsr"><a href="https://bale.ch/journal/art-basel-2026-hors-norme/">Art Basel 2026: pourquoi Bâle s’apprête à vivre une semaine hors norme</a></blockquote><iframe sandbox="allow-scripts" security="restricted" src="https://bale.ch/journal/art-basel-2026-hors-norme/embed/#?secret=wapuAFuDsr" width="600" height="338" title="« Art Basel 2026: pourquoi Bâle s’apprête à vivre une semaine hors norme » &#8212; Journal de Bâle et Genève" data-secret="wapuAFuDsr" frameborder="0" marginwidth="0" marginheight="0" scrolling="no" class="wp-embedded-content"></iframe><script>
/*! This file is auto-generated */
!function(d,l){"use strict";l.querySelector&&d.addEventListener&&"undefined"!=typeof URL&&(d.wp=d.wp||{},d.wp.receiveEmbedMessage||(d.wp.receiveEmbedMessage=function(e){var t=e.data;if((t||t.secret||t.message||t.value)&&!/[^a-zA-Z0-9]/.test(t.secret)){for(var s,r,n,a=l.querySelectorAll('iframe[data-secret="'+t.secret+'"]'),o=l.querySelectorAll('blockquote[data-secret="'+t.secret+'"]'),c=new RegExp("^https?:$","i"),i=0;i<o.length;i++)o[i].style.display="none";for(i=0;i<a.length;i++)s=a[i],e.source===s.contentWindow&&(s.removeAttribute("style"),"height"===t.message?(1e3<(r=parseInt(t.value,10))?r=1e3:~~r<200&&(r=200),s.height=r):"link"===t.message&&(r=new URL(s.getAttribute("src")),n=new URL(t.value),c.test(n.protocol))&&n.host===r.host&&l.activeElement===s&&(d.top.location.href=t.value))}},d.addEventListener("message",d.wp.receiveEmbedMessage,!1),l.addEventListener("DOMContentLoaded",function(){for(var e,t,s=l.querySelectorAll("iframe.wp-embedded-content"),r=0;r<s.length;r++)(t=(e=s[r]).getAttribute("data-secret"))||(t=Math.random().toString(36).substring(2,12),e.src+="#?secret="+t,e.setAttribute("data-secret",t)),e.contentWindow.postMessage({message:"ready",secret:t},"*")},!1)))}(window,document);
//# sourceURL=https://bale.ch/journal/wp-includes/js/wp-embed.min.js
</script>

Pendant quelques jours, la ville rhénane devient le centre du monde de l’art contemporain. Du 18 au 21 juin 2026, Art Basel 2026 réunira collectionneurs, galeristes, artistes, conservateurs de musées Continuer la lecture
