{"version":"1.0","provider_name":"Journal de B\u00e2le et Gen\u00e8ve","provider_url":"https:\/\/bale.ch\/journal","author_name":"La R\u00e9daction","author_url":"https:\/\/bale.ch\/journal\/author\/laredaction\/","title":"\u00c0 B\u00e2le, le programme \u00ab Bike Care \u00bb remet les v\u00e9los en \u00e9tat avant l\u2019\u00e9t\u00e9 - Journal de B\u00e2le et Gen\u00e8ve","type":"rich","width":600,"height":338,"html":"<blockquote class=\"wp-embedded-content\" data-secret=\"mShF88Frjp\"><a href=\"https:\/\/bale.ch\/journal\/bale-programme-bike-care-basel\/\">\u00c0 B\u00e2le, le programme \u00ab Bike Care \u00bb remet les v\u00e9los en \u00e9tat avant l\u2019\u00e9t\u00e9<\/a><\/blockquote><iframe sandbox=\"allow-scripts\" security=\"restricted\" src=\"https:\/\/bale.ch\/journal\/bale-programme-bike-care-basel\/embed\/#?secret=mShF88Frjp\" width=\"600\" height=\"338\" title=\"\u00ab\u00a0\u00c0 B\u00e2le, le programme \u00ab Bike Care \u00bb remet les v\u00e9los en \u00e9tat avant l\u2019\u00e9t\u00e9\u00a0\u00bb &#8212; Journal de B\u00e2le et Gen\u00e8ve\" data-secret=\"mShF88Frjp\" frameborder=\"0\" marginwidth=\"0\" marginheight=\"0\" scrolling=\"no\" class=\"wp-embedded-content\"><\/iframe><script>\n\/*! This file is auto-generated *\/\n!function(d,l){\"use strict\";l.querySelector&&d.addEventListener&&\"undefined\"!=typeof URL&&(d.wp=d.wp||{},d.wp.receiveEmbedMessage||(d.wp.receiveEmbedMessage=function(e){var t=e.data;if((t||t.secret||t.message||t.value)&&!\/[^a-zA-Z0-9]\/.test(t.secret)){for(var s,r,n,a=l.querySelectorAll('iframe[data-secret=\"'+t.secret+'\"]'),o=l.querySelectorAll('blockquote[data-secret=\"'+t.secret+'\"]'),c=new RegExp(\"^https?:$\",\"i\"),i=0;i<o.length;i++)o[i].style.display=\"none\";for(i=0;i<a.length;i++)s=a[i],e.source===s.contentWindow&&(s.removeAttribute(\"style\"),\"height\"===t.message?(1e3<(r=parseInt(t.value,10))?r=1e3:~~r<200&&(r=200),s.height=r):\"link\"===t.message&&(r=new URL(s.getAttribute(\"src\")),n=new URL(t.value),c.test(n.protocol))&&n.host===r.host&&l.activeElement===s&&(d.top.location.href=t.value))}},d.addEventListener(\"message\",d.wp.receiveEmbedMessage,!1),l.addEventListener(\"DOMContentLoaded\",function(){for(var e,t,s=l.querySelectorAll(\"iframe.wp-embedded-content\"),r=0;r<s.length;r++)(t=(e=s[r]).getAttribute(\"data-secret\"))||(t=Math.random().toString(36).substring(2,12),e.src+=\"#?secret=\"+t,e.setAttribute(\"data-secret\",t)),e.contentWindow.postMessage({message:\"ready\",secret:t},\"*\")},!1)))}(window,document);\n\/\/# sourceURL=https:\/\/bale.ch\/journal\/wp-includes\/js\/wp-embed.min.js\n<\/script>\n","thumbnail_url":"https:\/\/bale.ch\/journal\/wp-content\/uploads\/2026\/05\/bikecare-1.jpg","thumbnail_width":1600,"thumbnail_height":800,"description":"Avec l\u2019arriv\u00e9e des beaux jours et l\u2019augmentation du trafic cycliste, le canton de B\u00e2le relance son op\u00e9ration \u00ab Bike Care Basel \u00bb, destin\u00e9e \u00e0 encourager l\u2019usage du v\u00e9lo en proposant Continuer la lecture"}

Journal de Bâle et Genève

La Rédaction

À Bâle, le programme « Bike Care » remet les vélos en état avant l’été - Journal de Bâle et Genève

<blockquote class="wp-embedded-content" data-secret="mShF88Frjp"><a href="https://bale.ch/journal/bale-programme-bike-care-basel/">À Bâle, le programme « Bike Care » remet les vélos en état avant l’été</a></blockquote><iframe sandbox="allow-scripts" security="restricted" src="https://bale.ch/journal/bale-programme-bike-care-basel/embed/#?secret=mShF88Frjp" width="600" height="338" title="« À Bâle, le programme « Bike Care » remet les vélos en état avant l’été » &#8212; Journal de Bâle et Genève" data-secret="mShF88Frjp" frameborder="0" marginwidth="0" marginheight="0" scrolling="no" class="wp-embedded-content"></iframe><script>
/*! This file is auto-generated */
!function(d,l){"use strict";l.querySelector&&d.addEventListener&&"undefined"!=typeof URL&&(d.wp=d.wp||{},d.wp.receiveEmbedMessage||(d.wp.receiveEmbedMessage=function(e){var t=e.data;if((t||t.secret||t.message||t.value)&&!/[^a-zA-Z0-9]/.test(t.secret)){for(var s,r,n,a=l.querySelectorAll('iframe[data-secret="'+t.secret+'"]'),o=l.querySelectorAll('blockquote[data-secret="'+t.secret+'"]'),c=new RegExp("^https?:$","i"),i=0;i<o.length;i++)o[i].style.display="none";for(i=0;i<a.length;i++)s=a[i],e.source===s.contentWindow&&(s.removeAttribute("style"),"height"===t.message?(1e3<(r=parseInt(t.value,10))?r=1e3:~~r<200&&(r=200),s.height=r):"link"===t.message&&(r=new URL(s.getAttribute("src")),n=new URL(t.value),c.test(n.protocol))&&n.host===r.host&&l.activeElement===s&&(d.top.location.href=t.value))}},d.addEventListener("message",d.wp.receiveEmbedMessage,!1),l.addEventListener("DOMContentLoaded",function(){for(var e,t,s=l.querySelectorAll("iframe.wp-embedded-content"),r=0;r<s.length;r++)(t=(e=s[r]).getAttribute("data-secret"))||(t=Math.random().toString(36).substring(2,12),e.src+="#?secret="+t,e.setAttribute("data-secret",t)),e.contentWindow.postMessage({message:"ready",secret:t},"*")},!1)))}(window,document);
//# sourceURL=https://bale.ch/journal/wp-includes/js/wp-embed.min.js
</script>

Avec l’arrivée des beaux jours et l’augmentation du trafic cycliste, le canton de Bâle relance son opération « Bike Care Basel », destinée à encourager l’usage du vélo en proposant Continuer la lecture
