{"version":"1.0","provider_name":"Journal de B\u00e2le et Gen\u00e8ve","provider_url":"https:\/\/bale.ch\/journal","author_name":"L\u00e9on Martin","author_url":"https:\/\/bale.ch\/journal\/author\/leonpourraz\/","title":"Dans le Chablais savoyard, une d\u00e9ambulation festive pour dire non \u00e0 l\u2019autoroute A412 - Journal de B\u00e2le et Gen\u00e8ve","type":"rich","width":600,"height":338,"html":"<blockquote class=\"wp-embedded-content\" data-secret=\"EgSfVzDuWE\"><a href=\"https:\/\/bale.ch\/journal\/chablais-manifestation-autoroute-thonon-machilly-a412\/\">Dans le Chablais savoyard, une d\u00e9ambulation festive pour dire non \u00e0 l\u2019autoroute A412<\/a><\/blockquote><iframe sandbox=\"allow-scripts\" security=\"restricted\" src=\"https:\/\/bale.ch\/journal\/chablais-manifestation-autoroute-thonon-machilly-a412\/embed\/#?secret=EgSfVzDuWE\" width=\"600\" height=\"338\" title=\"\u00ab\u00a0Dans le Chablais savoyard, une d\u00e9ambulation festive pour dire non \u00e0 l\u2019autoroute A412\u00a0\u00bb &#8212; Journal de B\u00e2le et Gen\u00e8ve\" data-secret=\"EgSfVzDuWE\" frameborder=\"0\" marginwidth=\"0\" marginheight=\"0\" scrolling=\"no\" class=\"wp-embedded-content\"><\/iframe><script>\n\/*! This file is auto-generated *\/\n!function(d,l){\"use strict\";l.querySelector&&d.addEventListener&&\"undefined\"!=typeof URL&&(d.wp=d.wp||{},d.wp.receiveEmbedMessage||(d.wp.receiveEmbedMessage=function(e){var t=e.data;if((t||t.secret||t.message||t.value)&&!\/[^a-zA-Z0-9]\/.test(t.secret)){for(var s,r,n,a=l.querySelectorAll('iframe[data-secret=\"'+t.secret+'\"]'),o=l.querySelectorAll('blockquote[data-secret=\"'+t.secret+'\"]'),c=new RegExp(\"^https?:$\",\"i\"),i=0;i<o.length;i++)o[i].style.display=\"none\";for(i=0;i<a.length;i++)s=a[i],e.source===s.contentWindow&&(s.removeAttribute(\"style\"),\"height\"===t.message?(1e3<(r=parseInt(t.value,10))?r=1e3:~~r<200&&(r=200),s.height=r):\"link\"===t.message&&(r=new URL(s.getAttribute(\"src\")),n=new URL(t.value),c.test(n.protocol))&&n.host===r.host&&l.activeElement===s&&(d.top.location.href=t.value))}},d.addEventListener(\"message\",d.wp.receiveEmbedMessage,!1),l.addEventListener(\"DOMContentLoaded\",function(){for(var e,t,s=l.querySelectorAll(\"iframe.wp-embedded-content\"),r=0;r<s.length;r++)(t=(e=s[r]).getAttribute(\"data-secret\"))||(t=Math.random().toString(36).substring(2,12),e.src+=\"#?secret=\"+t,e.setAttribute(\"data-secret\",t)),e.contentWindow.postMessage({message:\"ready\",secret:t},\"*\")},!1)))}(window,document);\n\/\/# sourceURL=https:\/\/bale.ch\/journal\/wp-includes\/js\/wp-embed.min.js\n<\/script>\n","thumbnail_url":"https:\/\/bale.ch\/journal\/wp-content\/uploads\/2024\/06\/a412_thonon_autoroute_perrignier.jpg","thumbnail_width":900,"thumbnail_height":484,"description":"La Ville de Gen\u00e8ve vient d'annoncer un durcissement de son action contre le projet, s\u2019appuyant notamment sur l\u2019avis tr\u00e8s critique du Conseil national de la protection de la nature, qui pointe des atteintes majeures \u00e0 la biodiversit\u00e9."}

Journal de Bâle et Genève

Léon Martin

Dans le Chablais savoyard, une déambulation festive pour dire non à l’autoroute A412 - Journal de Bâle et Genève

<blockquote class="wp-embedded-content" data-secret="EgSfVzDuWE"><a href="https://bale.ch/journal/chablais-manifestation-autoroute-thonon-machilly-a412/">Dans le Chablais savoyard, une déambulation festive pour dire non à l’autoroute A412</a></blockquote><iframe sandbox="allow-scripts" security="restricted" src="https://bale.ch/journal/chablais-manifestation-autoroute-thonon-machilly-a412/embed/#?secret=EgSfVzDuWE" width="600" height="338" title="« Dans le Chablais savoyard, une déambulation festive pour dire non à l’autoroute A412 » &#8212; Journal de Bâle et Genève" data-secret="EgSfVzDuWE" frameborder="0" marginwidth="0" marginheight="0" scrolling="no" class="wp-embedded-content"></iframe><script>
/*! This file is auto-generated */
!function(d,l){"use strict";l.querySelector&&d.addEventListener&&"undefined"!=typeof URL&&(d.wp=d.wp||{},d.wp.receiveEmbedMessage||(d.wp.receiveEmbedMessage=function(e){var t=e.data;if((t||t.secret||t.message||t.value)&&!/[^a-zA-Z0-9]/.test(t.secret)){for(var s,r,n,a=l.querySelectorAll('iframe[data-secret="'+t.secret+'"]'),o=l.querySelectorAll('blockquote[data-secret="'+t.secret+'"]'),c=new RegExp("^https?:$","i"),i=0;i<o.length;i++)o[i].style.display="none";for(i=0;i<a.length;i++)s=a[i],e.source===s.contentWindow&&(s.removeAttribute("style"),"height"===t.message?(1e3<(r=parseInt(t.value,10))?r=1e3:~~r<200&&(r=200),s.height=r):"link"===t.message&&(r=new URL(s.getAttribute("src")),n=new URL(t.value),c.test(n.protocol))&&n.host===r.host&&l.activeElement===s&&(d.top.location.href=t.value))}},d.addEventListener("message",d.wp.receiveEmbedMessage,!1),l.addEventListener("DOMContentLoaded",function(){for(var e,t,s=l.querySelectorAll("iframe.wp-embedded-content"),r=0;r<s.length;r++)(t=(e=s[r]).getAttribute("data-secret"))||(t=Math.random().toString(36).substring(2,12),e.src+="#?secret="+t,e.setAttribute("data-secret",t)),e.contentWindow.postMessage({message:"ready",secret:t},"*")},!1)))}(window,document);
//# sourceURL=https://bale.ch/journal/wp-includes/js/wp-embed.min.js
</script>

La Ville de Genève vient d'annoncer un durcissement de son action contre le projet, s’appuyant notamment sur l’avis très critique du Conseil national de la protection de la nature, qui pointe des atteintes majeures à la biodiversité.
