{"version":"1.0","provider_name":"Journal de B\u00e2le et Gen\u00e8ve","provider_url":"https:\/\/bale.ch\/journal","author_name":"La R\u00e9daction","author_url":"https:\/\/bale.ch\/journal\/author\/laredaction\/","title":"L'a\u00e9roport de B\u00e2le-Mulhouse ouvre un nouveau parking silo - Journal de B\u00e2le et Gen\u00e8ve","type":"rich","width":600,"height":338,"html":"<blockquote class=\"wp-embedded-content\" data-secret=\"OwlM0yQLZh\"><a href=\"https:\/\/bale.ch\/journal\/euroairport-bale-parking-pas-cher\/\">L&rsquo;a\u00e9roport de B\u00e2le-Mulhouse ouvre un nouveau parking silo<\/a><\/blockquote><iframe sandbox=\"allow-scripts\" security=\"restricted\" src=\"https:\/\/bale.ch\/journal\/euroairport-bale-parking-pas-cher\/embed\/#?secret=OwlM0yQLZh\" width=\"600\" height=\"338\" title=\"\u00ab\u00a0L&rsquo;a\u00e9roport de B\u00e2le-Mulhouse ouvre un nouveau parking silo\u00a0\u00bb &#8212; Journal de B\u00e2le et Gen\u00e8ve\" data-secret=\"OwlM0yQLZh\" frameborder=\"0\" marginwidth=\"0\" marginheight=\"0\" scrolling=\"no\" class=\"wp-embedded-content\"><\/iframe><script>\n\/*! This file is auto-generated *\/\n!function(d,l){\"use strict\";l.querySelector&&d.addEventListener&&\"undefined\"!=typeof URL&&(d.wp=d.wp||{},d.wp.receiveEmbedMessage||(d.wp.receiveEmbedMessage=function(e){var t=e.data;if((t||t.secret||t.message||t.value)&&!\/[^a-zA-Z0-9]\/.test(t.secret)){for(var s,r,n,a=l.querySelectorAll('iframe[data-secret=\"'+t.secret+'\"]'),o=l.querySelectorAll('blockquote[data-secret=\"'+t.secret+'\"]'),c=new RegExp(\"^https?:$\",\"i\"),i=0;i<o.length;i++)o[i].style.display=\"none\";for(i=0;i<a.length;i++)s=a[i],e.source===s.contentWindow&&(s.removeAttribute(\"style\"),\"height\"===t.message?(1e3<(r=parseInt(t.value,10))?r=1e3:~~r<200&&(r=200),s.height=r):\"link\"===t.message&&(r=new URL(s.getAttribute(\"src\")),n=new URL(t.value),c.test(n.protocol))&&n.host===r.host&&l.activeElement===s&&(d.top.location.href=t.value))}},d.addEventListener(\"message\",d.wp.receiveEmbedMessage,!1),l.addEventListener(\"DOMContentLoaded\",function(){for(var e,t,s=l.querySelectorAll(\"iframe.wp-embedded-content\"),r=0;r<s.length;r++)(t=(e=s[r]).getAttribute(\"data-secret\"))||(t=Math.random().toString(36).substring(2,12),e.src+=\"#?secret=\"+t,e.setAttribute(\"data-secret\",t)),e.contentWindow.postMessage({message:\"ready\",secret:t},\"*\")},!1)))}(window,document);\n\/\/# sourceURL=https:\/\/bale.ch\/journal\/wp-includes\/js\/wp-embed.min.js\n<\/script>\n","thumbnail_url":"https:\/\/bale.ch\/journal\/wp-content\/uploads\/2016\/07\/euroairport_basel_bale_aeroport.jpg","thumbnail_width":1024,"thumbnail_height":618,"description":"Vendredi, 17 mars 2017, \u00e0 l\u2019occasion d\u2019une c\u00e9r\u00e9monie officielle en pr\u00e9sence des repr\u00e9sentants du Groupement Gagnepark, DeA Architectes, Eiffage, Clemessy et Egis ainsi que des \u00e9quipes de l\u2019a\u00e9roport qui ont Continuer la lecture"}

Journal de Bâle et Genève

La Rédaction

L'aéroport de Bâle-Mulhouse ouvre un nouveau parking silo - Journal de Bâle et Genève

<blockquote class="wp-embedded-content" data-secret="OwlM0yQLZh"><a href="https://bale.ch/journal/euroairport-bale-parking-pas-cher/">L&rsquo;aéroport de Bâle-Mulhouse ouvre un nouveau parking silo</a></blockquote><iframe sandbox="allow-scripts" security="restricted" src="https://bale.ch/journal/euroairport-bale-parking-pas-cher/embed/#?secret=OwlM0yQLZh" width="600" height="338" title="« L&rsquo;aéroport de Bâle-Mulhouse ouvre un nouveau parking silo » &#8212; Journal de Bâle et Genève" data-secret="OwlM0yQLZh" frameborder="0" marginwidth="0" marginheight="0" scrolling="no" class="wp-embedded-content"></iframe><script>
/*! This file is auto-generated */
!function(d,l){"use strict";l.querySelector&&d.addEventListener&&"undefined"!=typeof URL&&(d.wp=d.wp||{},d.wp.receiveEmbedMessage||(d.wp.receiveEmbedMessage=function(e){var t=e.data;if((t||t.secret||t.message||t.value)&&!/[^a-zA-Z0-9]/.test(t.secret)){for(var s,r,n,a=l.querySelectorAll('iframe[data-secret="'+t.secret+'"]'),o=l.querySelectorAll('blockquote[data-secret="'+t.secret+'"]'),c=new RegExp("^https?:$","i"),i=0;i<o.length;i++)o[i].style.display="none";for(i=0;i<a.length;i++)s=a[i],e.source===s.contentWindow&&(s.removeAttribute("style"),"height"===t.message?(1e3<(r=parseInt(t.value,10))?r=1e3:~~r<200&&(r=200),s.height=r):"link"===t.message&&(r=new URL(s.getAttribute("src")),n=new URL(t.value),c.test(n.protocol))&&n.host===r.host&&l.activeElement===s&&(d.top.location.href=t.value))}},d.addEventListener("message",d.wp.receiveEmbedMessage,!1),l.addEventListener("DOMContentLoaded",function(){for(var e,t,s=l.querySelectorAll("iframe.wp-embedded-content"),r=0;r<s.length;r++)(t=(e=s[r]).getAttribute("data-secret"))||(t=Math.random().toString(36).substring(2,12),e.src+="#?secret="+t,e.setAttribute("data-secret",t)),e.contentWindow.postMessage({message:"ready",secret:t},"*")},!1)))}(window,document);
//# sourceURL=https://bale.ch/journal/wp-includes/js/wp-embed.min.js
</script>

Vendredi, 17 mars 2017, à l’occasion d’une cérémonie officielle en présence des représentants du Groupement Gagnepark, DeA Architectes, Eiffage, Clemessy et Egis ainsi que des équipes de l’aéroport qui ont Continuer la lecture
